 common factor of 425 and 4458725?
25
Calculate the greatest common factor of 732623 and 1891.
31
Calculate the greatest common factor of 11556 and 3269706.
642
Calculate the greatest common factor of 5217 and 2808109.
47
Calculate the highest common divisor of 718944 and 11584.
32
What is the highest common factor of 834395 and 3815?
545
Calculate the highest common factor of 28404652 and 12.
4
What is the highest common divisor of 7600745 and 535?
535
What is the highest common factor of 6880 and 312002840?
1720
What is the greatest common divisor of 14848 and 1093880?
232
What is the highest common factor of 2537981 and 40273?
391
Calculate the highest common factor of 258286 and 42.
14
Calculate the greatest common divisor of 313866 and 3619476.
6678
What is the highest common factor of 10081 and 64685?
17
What is the greatest common factor of 821 and 568730509?
821
What is the highest common divisor of 263462065 and 18775?
3755
What is the greatest common divisor of 154672 and 12908?
28
What is the highest common factor of 32 and 13878724?
4
Calculate the greatest common divisor of 267102 and 11077.
209
Calculate the greatest common factor of 1150 and 51535525.
575
Calculate the greatest common divisor of 940340961 and 378.
189
Calculate the greatest common divisor of 181760 and 3846070.
710
What is the highest common divisor of 23770846 and 2684?
1342
Calculate the highest common divisor of 2388 and 75079516.
796
Calculate the greatest common factor of 665640 and 5184.
72
Calculate the highest common divisor of 81491384 and 728.
104
Calculate the greatest common factor of 3723803 and 203.
29
Calculate the greatest common factor of 10176576 and 192.
192
Calculate the highest common factor of 2886 and 51170704.
962
Calculate the highest common factor of 35010107 and 26466.
4411
What is the highest common divisor of 2264 and 32884?
4
Calculate the greatest common factor of 34208 and 26754932.
4276
What is the greatest common divisor of 116903636 and 3916?
356
Calculate the highest common factor of 6175 and 815225.
25
What is the highest common divisor of 19200 and 45064800?
2400
What is the highest common divisor of 36354 and 142843?
83
Calculate the highest common divisor of 50931924 and 8.
4
Calculate the highest common factor of 30446394 and 1914.
66
Calculate the greatest common factor of 5856 and 103578.
366
Calculate the greatest common divisor of 420 and 677996.
4
What is the highest common factor of 1218 and 43935?
87
Calculate the greatest common divisor of 610542940 and 14.
14
Calculate the greatest common divisor of 2933775 and 128325.
4425
What is the highest common factor of 805 and 1886759?
161
What is the greatest common divisor of 986832 and 168?
168
What is the highest common divisor of 170505717 and 159?
159
What is the greatest common divisor of 13021421 and 73962?
4109
What is the greatest common divisor of 405 and 7171245?
45
Calculate the highest common factor of 27671718 and 27.
3
What is the highest common divisor of 66820 and 3146965?
1285
Calculate the highest common factor of 10840 and 55931690.
2710
What is the greatest common factor of 60502 and 3822?
26
What is the highest common divisor of 34808 and 21185?
19
Calculate the highest common factor of 10 and 702371540.
10
What is the highest common factor of 231 and 687071?
77
What is the highest common divisor of 95599 and 406357?
49
What is the highest common divisor of 3198 and 44939362?
1066
What is the highest common factor of 4873 and 25668749?
443
What is the highest common factor of 1596 and 84684?
12
Calculate the greatest common factor of 101297 and 1379.
7
Calculate the highest common factor of 13 and 4515170920.
13
What is the highest common divisor of 392715 and 3555?
45
What is the highest common divisor of 50569358 and 28?
14
What is the highest common divisor of 98480 and 5?
5
Calculate the greatest common factor of 15746913 and 3315.
663
What is the greatest common factor of 2502430 and 2030?
70
Calculate the highest common divisor of 623 and 117519605.
623
What is the greatest common divisor of 233337 and 411862?
193
Calculate the greatest common factor of 753289 and 216611.
3233
What is the greatest common divisor of 1887 and 162689?
37
What is the greatest common divisor of 8 and 326756?
4
Calculate the greatest common factor of 1581056 and 77200.
3088
Calculate the highest common factor of 263 and 732542579.
263
What is the highest common factor of 19565 and 117820?
215
What is the greatest common divisor of 3715488 and 210?
42
What is the greatest common divisor of 344299 and 2147?
19
Calculate the highest common divisor of 301248396 and 2979.
2979
What is the greatest common divisor of 30 and 13996245?
15
What is the highest common divisor of 16 and 14510000?
16
Calculate the greatest common factor of 55 and 1557226.
11
What is the highest common divisor of 730 and 34966708?
146
Calculate the highest common divisor of 27135 and 1046385.
135
What is the greatest common factor of 582925 and 7?
7
Calculate the highest common divisor of 170 and 86307402.
34
Calculate the highest common divisor of 411653093 and 42931.
6133
Calculate the highest common factor of 32320587 and 156.
39
Calculate the highest common divisor of 3 and 4154170.
1
What is the greatest common divisor of 20787012 and 3030?
606
What is the greatest common factor of 5153424 and 588?
12
Calculate the greatest common factor of 40866568 and 488.
8
What is the greatest common divisor of 7857516 and 5748?
5748
Calculate the highest common divisor of 28938013 and 13.
13
Calculate the greatest common divisor of 250 and 1576546000.
250
What is the greatest common divisor of 129628706 and 1993?
1993
Calculate the greatest common factor of 32309170 and 27760.
3470
Calculate the highest common divisor of 597632 and 4928.
448
Calculate the greatest common factor of 7578941 and 19561.
631
What is the greatest common factor of 1230 and 3678285?
15
What is the highest common divisor of 19 and 565732353?
19
Calculate the highest common divisor of 26 and 26170534.
26
What is the greatest common factor of 246993 and 6069?
51
Calculate the highest common factor of 1671 and 63707432.
557
What is the highest common divisor of 438522179 and 22047?
7349
What is the greatest common divisor of 10961008 and 1136?
16
What is the greatest common divisor of 84 and 21524376?
12
What is the highest common divisor of 9329495 and 245?
35
Calculate the greatest common factor of 462 and 6545868.
42
Calculate the highest common divisor of 398180 and 7155665.
2315
What is the greatest common divisor of 12699 and 320688?
153
What is the highest common divisor of 15 and 184485240?
15
Calculate the greatest common factor of 92 and 2197564.
4
Calculate the greatest common divisor of 6901236 and 41340.
636
What is the greatest common divisor of 179307 and 359759?
229
What is the greatest common factor of 23015110 and 680?
170
Calculate the highest common factor of 4987296 and 25632.
288
What is the greatest common divisor of 5450 and 20930?
10
Calculate the greatest common divisor of 27734810 and 412.
206
Calculate the greatest common divisor of 4 and 23203772.
4
What is the highest common divisor of 5469 and 22211432?
1823
What is the greatest common factor of 25087343 and 40542?
233
What is the greatest common divisor of 103124113 and 3579?
1193
What is the highest common factor of 2457128 and 17574?
202
Calculate the highest common factor of 1656 and 5488812.
828
Calculate the greatest common factor of 6328 and 43848.
56
What is the highest common factor of 1025 and 109142779?
41
What is the highest common factor of 114975 and 36675?
225
Calculate the highest common divisor of 5896565 and 793.
61
Calculate the highest common divisor of 23810233 and 2311.
2311
Calculate the highest common factor of 1570041 and 55737.
99
What is the greatest common factor of 24714860 and 5885?
535
Calculate the highest common divisor of 287767 and 11513.
29
Calculate the greatest common divisor of 158483 and 11169.
73
What is the greatest common divisor of 1127982 and 591?
3
Calculate the greatest common divisor of 3384 and 12747904.
376
Calculate the highest common factor of 54 and 877815.
9
Calculate the greatest common factor